ided by 95.
61
What is the remainder when 12246 is divided by 4075?
21
What is the remainder when 6353 is divided by 3121?
111
Calculate the remainder when 65442 is divided by 13.
0
What is the remainder when 3267 is divided by 34?
3
What is the remainder when 9239 is divided by 80?
39
What is the remainder when 53718 is divided by 90?
78
Calculate the remainder when 268 is divided by 50.
18
Calculate the remainder when 14849 is divided by 3710.
9
Calculate the remainder when 83283 is divided by 470.
93
What is the remainder when 3106 is divided by 359?
234
Calculate the remainder when 9722 is divided by 578.
474
Calculate the remainder when 624 is divided by 360.
264
Calculate the remainder when 29716 is divided by 127.
125
What is the remainder when 1328 is divided by 642?
44
Calculate the remainder when 7853 is divided by 365.
188
Calculate the remainder when 19884 is divided by 247.
124
Calculate the remainder when 563464 is divided by 11269.
14
What is the remainder when 12729 is divided by 6160?
409
What is the remainder when 1079173 is divided by 102?
13
Calculate the remainder when 3009507 is divided by 1686.
1683
What is the remainder when 206831 is divided by 32?
15
Calculate the remainder when 189059 is divided by 352.
35
Calculate the remainder when 115252 is divided by 259.
256
Calculate the remainder when 2207411 is divided by 757.
756
Calculate the remainder when 145507 is divided by 507.
505
Calculate the remainder when 10523 is divided by 3505.
8
What is the remainder when 8632 is divided by 35?
22
What is the remainder when 33872 is divided by 1166?
58
Calculate the remainder when 91284 is divided by 56.
4
What is the remainder when 119605 is divided by 1661?
13
What is the remainder when 311343 is divided by 177?
0
What is the remainder when 6042 is divided by 72?
66
Calculate the remainder when 441884 is divided by 218.
216
Calculate the remainder when 244 is divided by 21.
13
What is the remainder when 24784 is divided by 261?
250
What is the remainder when 2395942 is divided by 17?
13
Calculate the remainder when 3386 is divided by 3337.
49
Calculate the remainder when 443039 is divided by 178.
175
Calculate the remainder when 58546 is divided by 4872.
82
What is the remainder when 162629 is divided by 122?
3
Calculate the remainder when 493543 is divided by 126.
1
Calculate the remainder when 205123 is divided by 499.
34
Calculate the remainder when 4009 is divided by 71.
33
Calculate the remainder when 6103 is divided by 58.
13
Calculate the remainder when 1824243 is divided by 145.
143
Calculate the remainder when 37897 is divided by 6314.
13
What is the remainder when 4879 is divided by 660?
259
Calculate the remainder when 58893 is divided by 42.
9
What is the remainder when 174792 is divided by 24970?
2
What is the remainder when 3226 is divided by 13?
2
Calculate the remainder when 11283 is divided by 810.
753
What is the remainder when 7183 is divided by 1420?
83
Calculate the remainder when 7177 is divided by 97.
96
Calculate the remainder when 1152856 is divided by 31.
28
Calculate the remainder when 163368 is divided by 373.
367
Calculate the remainder when 121271 is divided by 2021.
11
What is the remainder when 344958 is divided by 385?
383
Calculate the remainder when 390 is divided by 41.
21
Calculate the remainder when 320 is divided by 181.
139
What is the remainder when 57741 is divided by 8?
5
Calculate the remainder when 4815 is divided by 28.
27
What is the remainder when 107590 is divided by 4138?
2
What is the remainder when 8603 is divided by 2144?
27
What is the remainder when 15631 is divided by 252?
7
What is the remainder when 171176 is divided by 646?
632
What is the remainder when 168028 is divided by 144?
124
Calculate the remainder when 10033 is divided by 77.
23
Calculate the remainder when 123002 is divided by 1089.
1034
Calculate the remainder when 43445 is divided by 37.
7
What is the remainder when 405117 is divided by 640?
637
What is the remainder when 3087 is divided by 1019?
30
What is the remainder when 189612 is divided by 26?
20
Calculate the remainder when 4380 is divided by 122.
110
What is the remainder when 16859 is divided by 39?
11
What is the remainder when 3258 is divided by 17?
11
What is the remainder when 234 is divided by 63?
45
What is the remainder when 805 is divided by 398?
9
Calculate the remainder when 6663 is divided by 317.
6
Calculate the remainder when 84727 is divided by 69.
64
What is the remainder when 94634 is divided by 112?
106
What is the remainder when 12213 is divided by 556?
537
What is the remainder when 4870 is divided by 46?
40
Calculate the remainder when 6339 is divided by 489.
471
Calculate the remainder when 41571 is divided by 13850.
21
Calculate the remainder when 1455 is divided by 257.
170
What is the remainder when 584636 is divided by 105?
101
Calculate the remainder when 402 is divided by 81.
78
Calculate the remainder when 310389 is divided by 216.
213
What is the remainder when 10440 is divided by 46?
44
Calculate the remainder when 449273 is divided by 180.
173
What is the remainder when 8689 is divided by 37?
31
Calculate the remainder when 71847 is divided by 75.
72
Calculate the remainder when 1250 is divided by 625.
0
What is the remainder when 54839 is divided by 99?
92
What is the remainder when 119094 is divided by 100?
94
Calculate the remainder when 35671 is divided by 343.
342
What is the remainder when 48286 is divided by 24?
22
What is the remainder when 2832568 is divided by 1053?
1051
What is the remainder when 880126 is divided by 72?
70
Calculate the remainder when 1097 is divided by 116.
53
What is the remainder when 5013 is divided by 1659?
36
Calculate the remainder when 710876 is divided by 29.
28
Calculate the remainder when 13374 is divided by 1336.
14
Calculate the remainder when 603698 is divided by 5.
3
What is the remainder when 10970 is divided by 296?
18
What is the remainder when 3244 is divided by 121?
98
Calculate the remainder when 66534 is divided by 854.
776
What is the remainder when 42095 is divided by 1202?
25
Calculate the remainder when 4773 is divided by 113.
27
Calculate the remainder when 14848 is divided by 84.
64
What is the remainder when 17123 is divided by 1938?
1619
What is the remainder when 15507 is divided by 341?
162
What is the remainder when 3316 is divided by 515?
226
Calculate the remainder when 3533 is divided by 208.
205
Calculate the remainder when 58229 is divided by 141.
137
Calculate the remainder when 9001 is divided by 116.
69
Calculate the remainder when 8959 is divided by 427.
419
Calculate the remainder when 11533 is divided by 427.
4
What is the remainder when 4090 is divided by 399?
100
Calculate the remainder when 248465 is divided by 6.
5
What is the remainder when 1540 is divided by 220?
0
What is the remainder when 298654 is divided by 40?
14
What is the remainder when 5072 is divided by 1661?
89
Calculate the remainder when 84607 is divided by 3678.
13
What is the remainder when 748 is divided by 405?
343
What is the remainder when 4952 is divided by 353?
10
Calculate the remainder when 2303 is divided by 85.
8
What is the remainder when 20045 is divided by 121?
80
Calculate the remainder when 978482 is divided by 26.
24
What is the remainder when 33488 is divided by 284?
260
What is the remainder when 553 is divided by 128?
41
Calculate the remainder when 84294 is divided by 144.
54
Calculate the remainder when 256177 is divided by 211.
23
What is the remainder when 10796 is divided by 310?
256
What is the remainder when 6097 is divided by 29?
7
What is the remainder when 83662 is divided by 501?
496
What is the remainder when 10836 is divided by 8?
4
What is the remainder when 33803 is divided by 325?
3
Calculate the remainder when 31924 is divided by 1875.
49
What is the remainder when 488039 is divided by 332?
331
What is the remainder when 355 is divided by 112?
19
Calculate the remainder when 3026 is divided by 198.
56
Calculate the remainder when 339437 is divided by 834.
833
What is the remainder when 55008 is divided by 282?
18
What is the remainder when 1900 is divided by 172?
8
Calculate the remainder when 24415 is divided by 112.
111
Calcula